What is the greatest common divisor of j and g?
12
Let n be ((-200)/10)/(-10) + 283 + 0. Let x = 16 - -3. Calculate the greatest common factor of n and x.
19
Suppose -33 = -7*g - 3*g + 7*g. Let i(v) = 2*v**2 + 7*v - 5. Let r be i(4). Calculate the highest common divisor of g and r.
11
Let t = -599 - -680. What is the greatest common divisor of 225 and t?
9
Let p(w) = w + 165. Let j be p(0). Suppose -4*t - 2*z = -2380, -3*z = t + 202 - 802. Suppose -5*o = -14*o + t. Calculate the highest common factor of j and o.
33
Let o = 116 - 109. What is the greatest common factor of 112 and o?
7
Suppose -12*q - 448 = -40*q. What is the greatest common divisor of q and 56?
8
Let i = -1 + 0. Let z be i/(-4) - 363/(-4). Suppose 21*w - 229 = 44. What is the greatest common factor of z and w?
13
Let k = -2543 + 2603. What is the greatest common factor of k and 220?
20
Suppose 129*v - 141 = 1020. Let d be 2/5 - (-986)/10. What is the greatest common factor of v and d?
9
Let t = -5 - -28. Let m = t - 14. Calculate the highest common divisor of 9 and m.
9
Let g be 62/(5 + -3) - (6 + -5). Calculate the greatest common divisor of g and 160.
10
Suppose -804 = -27*u + 12264. What is the highest common factor of u and 121?
121
Let v(r) = -r + 55. Let z be v(17). Suppose -2*f - 2*f = -n + z, -n - 7 = 5*f. What is the greatest common divisor of n and 2?
2
Suppose -20 = -3*h - 2*h. Let j(t) = 6*t + 4 - 6*t - 34*t**2 + 36*t**2. Let k be j(h). Calculate the greatest common factor of k and 24.
12
Let d = -31 - -69. Let h be (-1)/((6/(-285))/(20/25)). Calculate the highest common factor of d and h.
38
Let c = -1092 + 1517. What is the highest common factor of 34 and c?
17
Let g(f) = 5 - 16 + 11 - 2*f. Let p be g(-1). Calculate the greatest common divisor of 2 and p.
2
Let s(a) = -4*a - 5*a + 0 + 2 + 1 + a**2. Let o be s(9). Suppose 3*v = 2*n - 33, 2*n - o*v = 2*v + 39. What is the highest common divisor of 3 and n?
3
Let y(a) = a**2 - 3*a + 69. Let v be y(0). Let d be 92/6 + (-23)/v. Calculate the greatest common divisor of 105 and d.
15
Let r be (-1)/(-3)*9 - -6. Suppose 0 = -4*a - g + 115, r = -3*g + 6*g. Let c = -6 - -20. What is the highest common factor of c and a?
14
Let d(k) = -2*k**2 - 26*k - 6. Let l(v) = -v**2 - v - 1. Let a(b) = d(b) - 6*l(b). Let t be a(6). What is the highest common divisor of t and 12?
12
Let f be 8*((-213)/(-30) + 6/15). Calculate the greatest common divisor of f and 580.
20
Let r be (8/(-10))/(2/5). Let f = 22 + r. Let t(k) = -2*k**2 - 6*k + 10. Let w be t(-3). What is the greatest common divisor of w and f?
10
Suppose -2*g = -23 - 27. What is the highest common divisor of g and 575?
25
Let r(h) = -h**3 + 16*h**2 + 15*h + 36. Let g be r(17). Let n(v) = -v**2 - v + 9. Let p be n(0). Calculate the greatest common factor of g and p.
1
Suppose 0 = c + c + 14. Let h be (-72)/(-84)*c/(-2). Let f(t) = 13*t + 5. Let u be f(h). Calculate the greatest common divisor of 4 and u.
4
Let w = -157 + 107. Let i be 2016/(-240)*(w/4 + 0). Calculate the highest common factor of 35 and i.
35
Let t(z) = -z**3 + 13*z**2 + z - 16. Let x be t(13). Let y be 2/(-8) + (-133)/(-4) + x. What is the highest common divisor of y and 15?
15
Let m be 8/(-32) - 90/(-8). Suppose -59 = 4*g - m. Let d = 22 + g. Calculate the highest common factor of 25 and d.
5
Let a = 117 + -45. Calculate the highest common factor of a and 45.
9
Let d be (1484/42)/(-3 - (-325)/105). What is the greatest common factor of 7 and d?
7
Suppose 0 = -5*m - 4*s + 25 + 23, 3*m = 4*s + 48. What is the highest common factor of 6 and m?
6
Let w = -1157 + 1175. Calculate the highest common divisor of w and 306.
18
Let g be 640/(-120)*(-3)/(-5)*-5. Calculate the highest common factor of g and 5.
1
Let c be 1*(2 + (-3 - 8)). Let j = c - -21. What is the highest common factor of j and 12?
12
Let o(l) = 5*l - 7*l**3 - l**2 - 4 - 2*l**2 + 8*l**3. Let d be o(4). Let k be (6/4)/(6/d). Calculate the highest common divisor of k and 40.
8
Let h(u) = 18*u + 291. Let z be h(-16). Calculate the highest common factor of z and 69.
3
Suppose 9*l - 10*l = -121. What is the greatest common divisor of l and 11?
11
Let b = 13 + -13. Suppose b = 10*h - 54 - 46. Let i(g) = 3*g**2 + 7*g. Let v be i(-5). What is the highest common factor of h and v?
10
Let l = -3 + -15. Let a be 3/l*3 - 111/(-2). What is the greatest common divisor of 11 and a?
11
Suppose 127 = -7*r + 288. What is the highest common divisor of r and 161?
23
Suppose 7*c + 0 - 21 = 0. Suppose 0 = -2*d + 11*l - 13*l + 12, -c*d + 2*l = -8. Calculate the greatest common factor of 28 and d.
4
Let s(m) = -5*m**2 + m + 2. Let a be s(-2). Let r be (8/10 - 2)*a. Suppose -2*y + 14 = d, -2*y + 52 + 26 = 5*d. Calculate the highest common factor of d and r.
8
Let u(a) = a**2 - 24*a + 139. Let k be u(15). Calculate the greatest common factor of 1 and k.
1
Let f(h) = 38*h**3 + 3*h**2 - 1. Let s be f(2). Suppose -15 - s = -2*q. What is the greatest common factor of 15 and q?
15
Let a(q) = 5*q**2 - 10*q - 7. Let w(c) = -3*c**2 + 5*c + 4. Let o(m) = -6*a(m) - 11*w(m). Let v be o(3). Calculate the greatest common factor of 5 and v.
5
Let k be (-1 + 12 - 1) + -2. Let h be ((-135)/(-36))/(3/4). Suppose h*u = -2 - k, 5*p - 134 = -3*u. Calculate the greatest common factor of p and 28.
28
Suppose 145 + 359 = 7*n. Let w be (n/(-15))/(-4)*5. Suppose 3*s = -s + 96. Calculate the highest common divisor of w and s.
6
Suppose 5*w + 8 = -12. Let f be (-50)/(-4) - (-2)/w. Suppose 2*v + 432 = 6*v. What is the greatest common factor of f and v?
12
Let a(b) = -b**3 - 18*b**2 + 23. Let h be a(-18). Let j = h - 20. Let s be 16/(-12)*3/(-2). What is the greatest common factor of j and s?
1
Suppose -4*k + 99 + 69 = 0. What is the highest common factor of 36 and k?
6
Let x(z) be the first derivative of z**4/4 + 2*z**3 - 5*z**2 - 3*z - 2. Let u be x(-7). Calculate the greatest common divisor of u and 9.
9
Let n be 2/((8/(-14))/(-2)). Suppose 0 = 4*k - 35 - 21. What is the highest common factor of n and k?
7
Let n = -1604 - -1619. What is the greatest common factor of n and 60?
15
Let w = 177 - 169. What is the highest common factor of w and 38?
2
Let q = -110 + 56. Let r be (-2)/4 + q/(-12). Suppose -v + 0*v + 19 = -5*z, 0 = 4*v - r*z - 28. Calculate the highest common factor of v and 2.
2
Let n(k) = -k**2 - 3*k - 3. Let d be n(-2). Let y(t) = 548*t**2 - 4*t - 2. Let c be y(d). What is the highest common factor of 50 and c?
50
Suppose -2*s = -4*w - 220, 28 + 302 = 3*s + 2*w. Suppose 3*d - 5*z = 225, -115 = -3*d - z + s. What is the greatest common factor of 30 and d?
15
Suppose 0 = 8*v - 441 - 375. Suppose 0 = 7*j - 382 + v. Calculate the greatest common divisor of j and 24.
8
Let i(h) = 9*h. Suppose -3*d = 4*o - 3 + 2, -3*d + o - 19 = 0. Let b = d + 10. Let s be i(b). What is the greatest common divisor of 9 and s?
9
Suppose -14 - 26 = -a. Let l(v) = -v**2 - 77*v + 1820. Let r be l(-92). What is the greatest common divisor of r and a?
40
Let f(d) = -d**2 - 10*d - 23 + 37 - 22. Let j be f(-4). Calculate the greatest common divisor of j and 112.
16
Let z = -123 + 245. Calculate the highest common divisor of 61 and z.
61
Suppose 6*c - 21 = 39. Calculate the greatest common factor of 290 and c.
10
Let b = 24 + 0. Let l be b - -1 - -2 - 3. Suppose o + l = 4*o. Calculate the greatest common divisor of 4 and o.
4
Let t be 377/52 + (-6)/(-8). Let s = 8 + t. Let u be (3/(15/(-8)))/(2/(-100)). What is the greatest common factor of u and s?
16
Suppose 4*v + 5*c - 16 = -0*c, 0 = -3*v + 5*c - 23. Let n be v/((-3)/(-255)) - 1. Let u = 203 + n. Calculate the highest common divisor of 13 and u.
13
Suppose -124 = -9*k + 110. What is the greatest common divisor of 182 and k?
26
Suppose -374 = -3*i - 0*i - 4*x, 0 = 3*i + x - 377. What is the greatest common factor of 108 and i?
18
Let v be -117*(8/12 + -1). Let w = v + -20. What is the highest common factor of w and 19?
19
Suppose -4*m = 4*z - 44, 71 = 4*z - 4*m - 13. Calculate the greatest common factor of z and 112.
16
Let q = 4 + 0. Suppose -3*o = q*n - 18, 0 = 4*o + 6*n - 4*n - 34. Let p = -9 + o. What is the highest common divisor of p and 2?
1
Let q(d) = -5*d + 90. Let v be q(4). Calculate the highest common factor of 28 and v.
14
Let d be -3 + -1 - (-9 - (-10 + 